?
True
Is 87287 a composite number?
True
Is 55967 composite?
False
Is 1003427 composite?
True
Is 374861 a composite number?
True
Is 16294 a prime number?
False
Is 278873 prime?
False
Is 1120159 a composite number?
False
Is 66221 prime?
True
Is 180043 a composite number?
False
Is 73049 a composite number?
True
Is 53579 a prime number?
False
Is 415397 a composite number?
True
Is 35753 a prime number?
True
Is 1445755 a prime number?
False
Is 18805 a prime number?
False
Is 4553 a prime number?
False
Is 117659 prime?
True
Is 505118 prime?
False
Is 2711017 composite?
False
Is 43853 a composite number?
False
Is 8147 a composite number?
False
Is 90609 composite?
True
Is 1096039 prime?
False
Is 190151 composite?
True
Is 134773 a prime number?
False
Is 1151 prime?
True
Is 28961 prime?
True
Is 15493 composite?
False
Is 798773 composite?
False
Is 779 prime?
False
Is 8161 a composite number?
False
Is 24281 prime?
True
Is 2203 a composite number?
False
Is 34211 a composite number?
False
Is 1536937 a composite number?
True
Is 166577 a composite number?
True
Is 1217753 a prime number?
True
Is 17054 a composite number?
True
Is 7453 prime?
False
Is 9071 composite?
True
Is 52627 composite?
False
Is 21757 a composite number?
False
Is 138235 composite?
True
Is 28783 prime?
False
Is 1464146 composite?
True
Is 22259 a prime number?
True
Is 11269 a composite number?
True
Is 50671 prime?
True
Is 436343 a prime number?
True
Is 481343 prime?
True
Is 1514489 a prime number?
True
Is 529 composite?
True
Is 319949 a composite number?
True
Is 12260527 composite?
False
Is 376393 prime?
True
Is 530687 a prime number?
False
Is 7171 a prime number?
False
Is 442397 a composite number?
False
Is 102491 a composite number?
True
Is 907 a composite number?
False
Is 38993 a composite number?
False
Is 71458 composite?
True
Is 280985 composite?
True
Is 21133 a composite number?
True
Is 4729 composite?
False
Is 10717 composite?
True
Is 157739 a prime number?
True
Is 66137 a composite number?
False
Is 104359 composite?
True
Is 2343813 prime?
False
Is 167771 composite?
False
Is 251 a composite number?
False
Is 182615 composite?
True
Is 239489 a composite number?
False
Is 69163 composite?
False
Is 107411 a prime number?
False
Is 1779 composite?
True
Is 7249 a prime number?
False
Is 9029 a composite number?
False
Is 31973 prime?
True
Is 212029 a composite number?
False
Is 12494 prime?
False
Is 38507 a composite number?
True
Is 309547 composite?
True
Is 1273861 prime?
False
Is 1028389 prime?
True
Is 40666 a composite number?
True
Is 74687 a prime number?
True
Is 411991 a composite number?
False
Is 69911 composite?
False
Is 1053947 prime?
False
Is 326989 a prime number?
False
Is 58087 prime?
False
Is 387811 prime?
False
Is 22823 a composite number?
True
Is 749543 composite?
False
Is 254297 composite?
True
Is 7586 composite?
True
Is 2482961 prime?
False
Is 3223 a composite number?
True
Is 283763 composite?
False
Is 56057 a prime number?
False
Is 1831507 prime?
True
Is 44567 a prime number?
False
Is 207923 prime?
True
Is 42667 a composite number?
False
Is 167861 composite?
False
Is 31439 a composite number?
True
Is 99079 composite?
False
Is 9655 composite?
True
Is 142813 a prime number?
False
Is 70717 composite?
False
Is 504633 composite?
True
Is 4201 a composite number?
False
Is 424451 prime?
True
Is 1217 a composite number?
False
Is 55313 a prime number?
True
Is 6007 prime?
True
Is 5581 a composite number?
False
Is 54123 a composite number?
True
Is 7799 a composite number?
True
Is 45211 prime?
False
Is 5266 a prime number?
False
Is 25511 composite?
True
Is 3935 a composite number?
True
Is 357139 a prime number?
True
Is 615413 composite?
False
Is 47973 prime?
False
Is 681 prime?
False
Is 48674 composite?
True
Is 354829 a composite number?
False
Is 22409 a composite number?
False
Is 216211 prime?
True
Is 155437 a composite number?
True
Is 904355 composite?
True
Is 215 composite?
True
Is 1231467 a composite number?
True
Is 51941 composite?
False
Is 365903 composite?
False
Is 212749 prime?
False
Is 2390987 a prime number?
True
Is 2017 a prime number?
True
Is 194603 a composite number?
True
Is 919 a composite number?
False
Is 551 a composite number?
True
Is 1166939 prime?
False
Is 1152453 prime?
False
Is 619967 a composite number?
False
Is 1315726 a prime number?
False
Is 57679 prime?
True
Is 3551 composite?
True
Is 146959 composite?
True
Is 8465 prime?
False
Is 63569 composite?
True
Is 255851 a prime number?
True
Is 774607 prime?
False
Is 2452817 composite?
False
Is 10159 a composite number?
False
Is 6007 a prime number?
True
Is 6007 prime?
True
Is 1967603 a prime number?
False
Is 155867 a composite number?
True
Is 502247 a prime number?
True
Is 119159 a prime number?
True
Is 70783 a prime number?
True
Is 21587 a prime number?
True
Is 9661 a composite number?
False
Is 2274229 a composite number?
True
Is 105467 prime?
True
Is 22229 prime?
True
Is 29917 a composite number?
False
Is 265 prime?
False
Is 107013 a composite number?
True
Is 521039 a composite number?
False
Is 19165 prime?
False
Is 8779 composite?
False
Is 1187 composite?
False
Is 1041 a composite number?
True
Is 4903 a prime number?
True
Is 161 composite?
True
Is 67387 a prime number?
False
Is 13963 composite?
False
Is 605335 a prime number?
False
Is 172849 prime?
True
Is 17039 a prime number?
False
Is 17305 prime?
False
Is 287403 a prime number?
False
Is 1651 composite?
True
Is 16411 composite?
False
Is 25387 a composite number?
True
Is 114547 composite?
False
Is 4327 prime?
True
Is 8077 composite?
True
Is 11677 a prime number?
True
Is 6031 a prime number?
False
Is 433393 prime?
True
Is 84453 a composite number?
True
Is 798713 a prime number?
True
Is 48259 a prime number?
True
Is 2313197 prime?
True
Is 16441 composite?
True
Is 204047 prime?
True
Is 6469 a composite number?
False
Is 45587 prime?
True
Is 2357 a composite number?
False
Is 14983 a prime number?
True
Is 12193 prime?
False
Is 934721 composite?
False
Is 14902 prime?
False
Is 15413 prime?
True
Is 28739 a prime number?
False
Is 120413 a prime number?
True
Is 19289 a prime number?
True
Is 2833 a composite number?
False
Is 16969 composite?
True
Is 123517 a prime number?
True
Is 23813 a composite number?
False
Is 35597 composite?
False
Is 80651 a composite number?
False
Is 19733 a prime number?
False
Is 175918 a composite number?
True
Is 6979 prime?
False
Is 87739 a prime number?
True
Is 247183 a composite number?
False
Is 8497 a composite number?
True
Is 293 a composite number?
False
Is 12277 prime?
True
Is 32539 composite?
True
Is 2927 a prime number?
True
Is 44731 composite?
True
Is 5854 prime?
False
Is 50207 prime?
True
Is 1213621 a composite number?
True
Is 3251 prime?
True
Is 903871 a composite number?
False
Is 261509 a prime number?
True
Is 2503 a prime number?
True
Is 459791 composite?
False
Is 4341 a prime number?
False
Is 328243 composite?
False
Is 2001643 prime?
False
Is 1307519 composite?
False
Is 412859 prime?
True
Is 454903 a prime number?
False
Is 815578 composite?
True
Is 272263 prime?
True
Is 269 a composite number?
False
Is 11467 prime?
True
Is 2713063 a prime number?
False
Is 35969 prime?
True
Is 623 prime?
False
Is 485753 a composite number?
False
Is 514187 composite?
False
Is 25229 a prime number?
True
Is 22199 prime?
False
Is 1583417 a composite number?
True
Is 22915 a composite number?
True
Is 40253 a prime number?
True
Is 1133 a prime number?
False
Is 1187 a prime number?
True
Is 433135 composite?
True
Is 272633 a prime number?
False
Is 1870951 a composite number?
False
Is 44417 a prime number?
True
Is 7621 a prime number?
True
Is 217057 a prime number?
True
Is 1709 composite?
False
Is 127615 a composite number?
True
Is 14349 a composite number?
True
Is 10499 prime?
True
Is 112757 prime?
True
Is 19661 a composite number?
False
Is 23003 composite?
False
Is 1541 a prime number?
False
Is 6757 a composite number?
True
Is 501563 a prime number?
True
Is 8581 prime?
True
Is 1732823 a composite number?
True
Is 37117 a composite number?
False
Is 6179 a composite number?
True
Is 1691 a prime number?
False
Is 7613 a composite number?
True
Is 29239 a composite number?
True
Is 184321 a composite number?
False
Is 2119 a prime number?
False
Is 2453 composite?
True
Is 1